f 104006?
True
Is 208590 a multiple of 255?
True
Is 18 a factor of 57024?
True
Is 66885 a multiple of 245?
True
Does 33 divide 3334782?
True
Is 16 a factor of 5661306?
False
Is 730532 a multiple of 513?
False
Is 13123222 a multiple of 81?
False
Is 879676 a multiple of 353?
True
Is 41 a factor of 146868?
False
Is 69 a factor of 99084?
True
Is 92 a factor of 62744?
True
Is 13938 a multiple of 46?
True
Is 8 a factor of 533144?
True
Does 9 divide 33660?
True
Is 279795 a multiple of 72?
False
Does 159 divide 5730890?
False
Is 212 a factor of 369516?
True
Is 70317 a multiple of 13?
True
Does 1695 divide 20429835?
True
Is 77255 a multiple of 199?
False
Does 151 divide 102544?
False
Is 16716101 a multiple of 257?
False
Is 139395 a multiple of 9?
False
Does 197 divide 1925478?
True
Is 66 a factor of 9264395?
False
Is 17 a factor of 3491375?
True
Does 308 divide 23716?
True
Is 133 a factor of 199066?
False
Does 20 divide 75755?
False
Is 10374 a multiple of 42?
True
Is 34 a factor of 5280832?
False
Is 447667 a multiple of 188?
False
Does 1027 divide 7199270?
True
Is 345 a multiple of 15?
True
Is 4299252 a multiple of 247?
False
Does 921 divide 2330130?
True
Does 57 divide 40641?
True
Is 134 a factor of 5136369?
False
Does 197 divide 5648975?
True
Is 448701 a multiple of 620?
False
Is 219 a factor of 230622?
False
Does 7 divide 10584?
True
Is 38 a factor of 2071798?
True
Is 8225126 a multiple of 14?
True
Is 52 a factor of 3434055?
False
Is 1833237 a multiple of 63?
True
Does 217 divide 5946451?
True
Is 215 a factor of 389530?
False
Does 529 divide 15050539?
False
Does 663 divide 12433902?
True
Is 173 a factor of 287521?
False
Is 4441107 a multiple of 33?
True
Does 207 divide 563946?
False
Is 183187 a multiple of 222?
False
Is 348921 a multiple of 17?
False
Does 9 divide 20799?
True
Does 121 divide 968726?
True
Is 18 a factor of 14234901?
False
Is 3138158 a multiple of 7?
False
Is 227208 a multiple of 12?
True
Is 112 a factor of 1432403?
False
Does 915 divide 1940715?
True
Is 5 a factor of 36370?
True
Is 1053 a factor of 5911480?
False
Does 1497 divide 12640107?
False
Does 432 divide 10148781?
False
Does 374 divide 232228?
False
Is 828911 a multiple of 37?
True
Does 34 divide 30518298?
True
Does 6 divide 2444307?
False
Does 35 divide 5443427?
False
Is 1059963 a multiple of 305?
False
Does 32 divide 535385?
False
Is 31 a factor of 84630?
True
Is 43 a factor of 164776?
True
Does 24 divide 1268282?
False
Is 18 a factor of 4870?
False
Is 1872061 a multiple of 452?
False
Is 1694192 a multiple of 4?
True
Is 61 a factor of 107299?
True
Does 28 divide 48385?
False
Does 72 divide 84888?
True
Does 8 divide 1065346?
False
Is 1175847 a multiple of 15?
False
Does 8 divide 2104736?
True
Is 2075003 a multiple of 901?
True
Is 1224862 a multiple of 756?
False
Does 2 divide 691229?
False
Is 57 a factor of 38131?
False
Is 117664 a multiple of 118?
False
Does 5 divide 77906?
False
Is 6 a factor of 7368?
True
Is 2117 a factor of 21887663?
True
Is 6159630 a multiple of 558?
False
Does 31 divide 66286?
False
Does 903 divide 1127847?
True
Is 10 a factor of 254380?
True
Is 471 a factor of 239739?
True
Is 377387 a multiple of 357?
False
Is 2777619 a multiple of 63?
False
Is 43 a factor of 486201?
True
Is 10 a factor of 542730?
True
Is 79862 a multiple of 73?
True
Is 29 a factor of 104748?
True
Is 53 a factor of 242378?
False
Is 456619 a multiple of 362?
False
Is 2465465 a multiple of 27?
False
Is 2391648 a multiple of 112?
True
Does 9 divide 127440?
True
Is 484 a factor of 1824680?
True
Is 118263 a multiple of 3?
True
Is 1228080 a multiple of 255?
True
Is 54 a factor of 17121834?
True
Does 288 divide 1271232?
True
Does 27 divide 223128?
True
Is 415500 a multiple of 250?
True
Is 271 a factor of 293680?
False
Does 76 divide 72808?
True
Does 6 divide 56360?
False
Is 2923 a multiple of 5?
False
Is 1074336 a multiple of 992?
True
Is 71241 a multiple of 270?
False
Is 45462 a multiple of 81?
False
Is 544 a factor of 13199072?
True
Is 6832 even?
True
Does 253 divide 436172?
True
Is 3 a factor of 407752?
False
Is 622327 a multiple of 58?
False
Is 410 a factor of 9392280?
True
Does 368 divide 26423136?
True
Is 35636 a multiple of 59?
True
Is 3605993 a multiple of 499?
False
Is 92 a factor of 615283?
False
Is 104 a factor of 36146?
False
Is 41496 a multiple of 12?
True
Is 171535 a multiple of 91?
True
Does 6 divide 6083?
False
Is 91 a factor of 1038037?
True
Does 10 divide 10444530?
True
Does 81 divide 59347?
False
Does 120 divide 243993?
False
Is 14 a factor of 915894?
True
Is 1575720 a multiple of 216?
True
Is 2024353 a multiple of 1399?
True
Is 18 a factor of 467280?
True
Does 5 divide 2468365?
True
Does 23 divide 154652?
True
Does 552 divide 452418?
False
Is 25 a factor of 1214875?
True
Does 2 divide 1067611?
False
Does 373 divide 243709?
False
Does 287 divide 2625476?
True
Is 255192 a multiple of 28?
True
Is 9703868 a multiple of 287?
False
Is 151 a factor of 464918?
False
Is 1379217 a multiple of 3?
True
Does 6 divide 41708?
False
Is 316 a factor of 492960?
True
Is 7 a factor of 843040?
False
Does 10 divide 97890?
True
Is 111714 a multiple of 28?
False
Is 274 a factor of 9846?
False
Does 44 divide 23936?
True
Is 18450 a multiple of 45?
True
Does 84 divide 1987944?
True
Is 7 a factor of 945357?
True
Is 24 a factor of 615057?
False
Does 2 divide 69025?
False
Is 137 a factor of 1852651?
True
Is 36885 a multiple of 2?
False
Is 384275 a multiple of 19?
True
Is 47 a factor of 1159020?
True
Does 99 divide 70640?
False
Is 1109526 a multiple of 552?
False
Is 6567370 a multiple of 15?
False
Does 9 divide 33160173?
False
Does 185 divide 207709?
False
Does 21 divide 3033?
False
Is 2 a factor of 59083?
False
Is 228 a factor of 18773748?
True
Does 16 divide 417552?
True
Does 5 divide 35377?
False
Does 1625 divide 9465625?
True
Is 1126054 a multiple of 6?
False
Does 152 divide 6631152?
True
Does 290 divide 357997?
False
Is 41811 a multiple of 19?
False
Is 33036 a multiple of 82?
False
Is 2426603 a multiple of 40?
False
Is 153781 a multiple of 5?
False
Is 1440160 a multiple of 8?
True
Does 670 divide 1029988?
False
Is 355 a factor of 262965?
False
Is 12089 a multiple of 11?
True
Is 3110 a factor of 8942300?
False
Is 604 a factor of 375799?
False
Is 268348 a multiple of 73?
True
Is 7 a factor of 441326?
False
Does 993 divide 2352417?
True
Does 194 divide 39382?
True
Is 558848 a multiple of 472?
True
Is 492042 a multiple of 14?
False
Is 724634 a multiple of 9?
False
Does 2 divide 577655?
False
Is 36 a factor of 2190435?
False
Is 25 a factor of 1024575?
True
Is 1587454 a multiple of 11?
True
Is 28097303 a multiple of 198?
False
Does 97 divide 1044690?
True
Does 13 divide 1074905?
True
Does 506 divide 159552?
False
Is 27 a factor of 2390275?
False
Is 29439 a multiple of 5?
False
Is 163865 a multiple of 13?
True
Does 30 divide 5036313?
False
Is 64 a factor of 534215?
False
Is 249 a factor of 90125?
False
Does 310 divide 565952?
False
Is 792180 a multiple of 486?
True
Is 1088528 a multiple of 14?
True
Does 58 divide 6259476?
True
Is 40 a factor of 396729?
False
Does 13 divide 23023?
True
Does 520 divide 234428?
False
Is 2 a factor of 220312?
True
Is 16720 a multiple of 76?
True
Is 120 a factor of 204600?
True
Does 140 divide 7848820?
True
Is 101 a factor of 252601?
True
Is 8268 a multiple of 78?
True
Is 183887 a multiple of 26?
False
Is 1744 a multiple of 4?
True
Does 9 divide 173876?
False
Is 14686425 a multiple of 45?
True
Is 137 a factor of 1034487?
True
Is 149613 a multiple of 5?
False
Is 16 a factor of 711057?
False
Does 4 divide 1810941?
False
Is 94 a factor of 479494?
True
Is 646794 a multiple of 7?
False
Does 41 divide 635418?
True
Is 1859382 a multiple of 888?
False
Does 308 divide 8138284?
True
Does 16 divide 105680?
True
Is 18 a factor of 719474?
False
Is 255944 a multiple of 6?
False
Is 53 a factor of 1052326?
False
Does 75 divide 196254?
False
Is 64 a factor of 83456?
True
Does 40 divide 114599?
False
Is 125553 a multiple of 33?
False
Does 8 divide 48808?
True
Does 277 divide 67483?
False
Is 415 a factor of 3101903?
False
Does 1699 divide 8224859?
True
Does 48 divide 51168?
True
Does 375 divide 2111641?
False
Is 18823 a multiple of 44?
False
Is 3376 a multiple of 84?
False
Is 184 a factor o